{"id":43,"date":"2024-10-29T13:33:14","date_gmt":"2024-10-29T12:33:14","guid":{"rendered":"https:\/\/kerboutier.fr\/?page_id=43"},"modified":"2025-05-05T21:02:17","modified_gmt":"2025-05-05T19:02:17","slug":"presentation","status":"publish","type":"page","link":"https:\/\/kerboutier.fr\/index.php\/presentation\/","title":{"rendered":"Pr\u00e9sentation"},"content":{"rendered":"\n<p>Au coeur de la Bretagne, au XV\u00e8me si\u00e8cle, le Sieur de Kerboutier construit sa demeure. Au XVI\u00e8me et XVII\u00e8me si\u00e8cle, de grands remaniements font \u00e9voluer la b\u00e2tisse. Au XX\u00e8me si\u00e8cle, elle devient une ferme avant d&rsquo;\u00eatre laiss\u00e9e \u00e0 l&rsquo;abandon dans les ann\u00e9es 1960.<\/p>\n\n\n\n<p>Ensuite, deux projets se succ\u00e8dent pour faire revivre le lieu avant qu&rsquo;un troisi\u00e8me men\u00e9 par le nouveau propri\u00e9taire, Benoit Cambier voit le jour.<\/p>\n\n\n\n<p>L&rsquo;objectif est d&rsquo;offrir un lieu de r\u00e9sidence pour les artistes. Mais pas que !<\/p>\n\n\n\n<p>Une \u00e9table install\u00e9e dans l&rsquo;ancien logement du m\u00e9tayer au XVII\u00e8me est aujourd&rsquo;hui une agr\u00e9able salle de spectacle.<br>Elle est mise \u00e0 la disposition des artistes (musiciens, com\u00e9diens, danseurs &#8230;. ) pour cr\u00e9er et\/ou pr\u00e9senter leurs productions. Ce lieu accueille \u00e9galement des formations pour petits groupes.<\/p>\n\n\n\n<p>Il est pr\u00e9vu de continuer la r\u00e9habilitation des b\u00e2timents et d\u00e9pendances afin de recevoir avec plus de confort, les artistes et stagiaires.<\/p>\n\n\n\n<figure class=\"wp-block-gallery has-nested-images columns-default is-cropped wp-block-gallery-1 is-layout-flex wp-block-gallery-is-layout-flex\">\n<figure class=\"wp-block-image size-large is-style-rounded\"><img loading=\"lazy\" decoding=\"async\" width=\"1024\" height=\"489\" data-id=\"293\" src=\"https:\/\/kerboutier.fr\/wp-content\/uploads\/2024\/12\/salle-spectacle-avant1-1024x489.png\" alt=\"\" class=\"wp-image-293\" srcset=\"https:\/\/kerboutier.fr\/wp-content\/uploads\/2024\/12\/salle-spectacle-avant1-1024x489.png 1024w, https:\/\/kerboutier.fr\/wp-content\/uploads\/2024\/12\/salle-spectacle-avant1-300x143.png 300w, https:\/\/kerboutier.fr\/wp-content\/uploads\/2024\/12\/salle-spectacle-avant1-768x367.png 768w, https:\/\/kerboutier.fr\/wp-content\/uploads\/2024\/12\/salle-spectacle-avant1-1536x734.png 1536w, https:\/\/kerboutier.fr\/wp-content\/uploads\/2024\/12\/salle-spectacle-avant1.png 1890w\" sizes=\"auto, (max-width: 767px) 89vw, (max-width: 1000px) 54vw, (max-width: 1071px) 543px, 580px\" \/><\/figure>\n<\/figure>\n\n\n\n<p><\/p>\n\n\n\n<p><\/p>\n\n\n\n<figure class=\"wp-block-image size-large\"><img loading=\"lazy\" decoding=\"async\" width=\"1024\" height=\"654\" src=\"https:\/\/kerboutier.fr\/wp-content\/uploads\/2024\/12\/panneau01-1024x654.jpg\" alt=\"\" class=\"wp-image-311\" srcset=\"https:\/\/kerboutier.fr\/wp-content\/uploads\/2024\/12\/panneau01-1024x654.jpg 1024w, https:\/\/kerboutier.fr\/wp-content\/uploads\/2024\/12\/panneau01-300x192.jpg 300w, https:\/\/kerboutier.fr\/wp-content\/uploads\/2024\/12\/panneau01-768x491.jpg 768w, https:\/\/kerboutier.fr\/wp-content\/uploads\/2024\/12\/panneau01.jpg 1122w\" sizes=\"auto, (max-width: 767px) 89vw, (max-width: 1000px) 54vw, (max-width: 1071px) 543px, 580px\" \/><\/figure>\n\n\n\n<p><\/p>\n\n\n\n<figure class=\"wp-block-image size-large\"><img loading=\"lazy\" decoding=\"async\" width=\"1024\" height=\"655\" src=\"https:\/\/kerboutier.fr\/wp-content\/uploads\/2024\/12\/panneau02-1024x655.jpg\" alt=\"\" class=\"wp-image-314\" srcset=\"https:\/\/kerboutier.fr\/wp-content\/uploads\/2024\/12\/panneau02-1024x655.jpg 1024w, https:\/\/kerboutier.fr\/wp-content\/uploads\/2024\/12\/panneau02-300x192.jpg 300w, https:\/\/kerboutier.fr\/wp-content\/uploads\/2024\/12\/panneau02-768x491.jpg 768w, https:\/\/kerboutier.fr\/wp-content\/uploads\/2024\/12\/panneau02.jpg 1121w\" sizes=\"auto, (max-width: 767px) 89vw, (max-width: 1000px) 54vw, (max-width: 1071px) 543px, 580px\" \/><\/figure>\n\n\n\n<p><\/p>\n\n\n\n<figure class=\"wp-block-image size-full\"><img loading=\"lazy\" decoding=\"async\" width=\"870\" height=\"552\" src=\"https:\/\/kerboutier.fr\/wp-content\/uploads\/2024\/12\/panneau03-1.jpg\" alt=\"\" class=\"wp-image-317\" srcset=\"https:\/\/kerboutier.fr\/wp-content\/uploads\/2024\/12\/panneau03-1.jpg 870w, https:\/\/kerboutier.fr\/wp-content\/uploads\/2024\/12\/panneau03-1-300x190.jpg 300w, https:\/\/kerboutier.fr\/wp-content\/uploads\/2024\/12\/panneau03-1-768x487.jpg 768w\" sizes=\"auto, (max-width: 767px) 89vw, (max-width: 1000px) 54vw, (max-width: 1071px) 543px, 580px\" \/><\/figure>\n","protected":false},"excerpt":{"rendered":"<p>Au coeur de la Bretagne, au XV\u00e8me si\u00e8cle, le Sieur de Kerboutier construit sa demeure. Au XVI\u00e8me et XVII\u00e8me si\u00e8cle, de grands remaniements font \u00e9voluer la b\u00e2tisse. Au XX\u00e8me si\u00e8cle, elle devient une ferme avant d&rsquo;\u00eatre laiss\u00e9e \u00e0 l&rsquo;abandon dans les ann\u00e9es 1960. Ensuite, deux projets se succ\u00e8dent pour faire revivre le lieu avant qu&rsquo;un &hellip; <\/p>\n<p class=\"link-more\"><a href=\"https:\/\/kerboutier.fr\/index.php\/presentation\/\" class=\"more-link\">Continuer la lecture<span class=\"screen-reader-text\"> de &laquo;&nbsp;Pr\u00e9sentation&nbsp;&raquo;<\/span><\/a><\/p>\n","protected":false},"author":1,"featured_media":536,"parent":0,"menu_order":0,"comment_status":"closed","ping_status":"closed","template":"","meta":{"footnotes":""},"class_list":["post-43","page","type-page","status-publish","has-post-thumbnail","hentry"],"_links":{"self":[{"href":"https:\/\/kerboutier.fr\/index.php\/wp-json\/wp\/v2\/pages\/43","targetHints":{"allow":["GET"]}}],"collection":[{"href":"https:\/\/kerboutier.fr\/index.php\/wp-json\/wp\/v2\/pages"}],"about":[{"href":"https:\/\/kerboutier.fr\/index.php\/wp-json\/wp\/v2\/types\/page"}],"author":[{"embeddable":true,"href":"https:\/\/kerboutier.fr\/index.php\/wp-json\/wp\/v2\/users\/1"}],"replies":[{"embeddable":true,"href":"https:\/\/kerboutier.fr\/index.php\/wp-json\/wp\/v2\/comments?post=43"}],"version-history":[{"count":13,"href":"https:\/\/kerboutier.fr\/index.php\/wp-json\/wp\/v2\/pages\/43\/revisions"}],"predecessor-version":[{"id":351,"href":"https:\/\/kerboutier.fr\/index.php\/wp-json\/wp\/v2\/pages\/43\/revisions\/351"}],"wp:featuredmedia":[{"embeddable":true,"href":"https:\/\/kerboutier.fr\/index.php\/wp-json\/wp\/v2\/media\/536"}],"wp:attachment":[{"href":"https:\/\/kerboutier.fr\/index.php\/wp-json\/wp\/v2\/media?parent=43"}],"curies":[{"name":"wp","href":"https:\/\/api.w.org\/{rel}","templated":true}]}}